{"id":2787,"date":"2025-12-27T16:01:08","date_gmt":"2025-12-27T21:01:08","guid":{"rendered":"https:\/\/karlydigitalcourses.com\/?post_type=product&#038;p=2787"},"modified":"2025-12-27T16:01:09","modified_gmt":"2025-12-27T21:01:09","slug":"salto-cuantico-burt-goldman-mindvalley-en-espanol-basico-a-avanzado-2-en-1-cuaderno-libro-digital","status":"publish","type":"product","link":"https:\/\/karlydigitalcourses.com\/index.php\/producto\/salto-cuantico-burt-goldman-mindvalley-en-espanol-basico-a-avanzado-2-en-1-cuaderno-libro-digital\/","title":{"rendered":"Salto Cu\u00e1ntico Burt Goldman Mindvalley En Espa\u00f1ol B\u00e1sico a Avanzado 2 En 1 + cuaderno + Libro Digital"},"content":{"rendered":"<div class=\"pb-markdown min-h-fit mv-type--titlebold3 storyblok__outline\" data-v-65686310=\"\" data-blok-c=\"undefined\" data-blok-uid=\"undefined\">\n<div class=\"pb-markdown min-h-fit mv-type--title7 text-cool-grey-500 storyblok__outline\" data-v-65686310=\"\" data-blok-c=\"undefined\" data-blok-uid=\"undefined\">\n<p>Quantum Jumping<\/p>\n<\/div>\n<div class=\"pb-markdown min-h-fit mv-type--titlebold3 text-left text-cool-grey-700 storyblok__outline\" data-v-65686310=\"\" data-blok-c=\"undefined\" data-blok-uid=\"undefined\">\n<h1>Desata tu potencial multidimensional<\/h1>\n<p>&nbsp;<\/p>\n<\/div>\n<p>Utiliza tu mente para encontrarte con versiones alternas de ti mismo en el multiverso y acceder a su sabidur\u00eda y habilidades para manifestar tu nueva realidad en solo 41 d\u00edas con Salto Cu\u00e1ntico, sin esfuerzo abrumador ni alterar tu rutina diaria.<\/p>\n<p>&nbsp;<\/p>\n<\/div>\n<div class=\"pb-markdown min-h-fit mv-type--titlebold3 storyblok__outline\" data-v-65686310=\"\" data-blok-c=\"undefined\" data-blok-uid=\"undefined\">\n<div class=\"hidden md_block\" data-v-6e1f6448=\"\">\n<h2 class=\"headline mv-type--titlebold4 mb-4 md_space-y-10\" data-v-6e1f6448=\"\">Salta a vidas alternas en solo 20 minutos al d\u00eda<\/h2>\n<p>&nbsp;<\/p>\n<div class=\"variant4\" data-v-6e1f6448=\"\">\n<div class=\"pb-markdown min-h-fit mv-type--body body-copy mx-auto text-left storyblok__outline\" data-v-6e1f6448=\"\" data-blok-c=\"undefined\" data-blok-uid=\"undefined\">\n<p>En solo 15 a 20 minutos f\u00e1ciles al d\u00eda, ser\u00e1s guiado a trav\u00e9s de los ejercicios avanzados de visualizaci\u00f3n y meditaciones transformadoras de Salto Cu\u00e1ntico para explorar las posibilidades ilimitadas de tu conciencia. Este revolucionario programa de 41 d\u00edas, utilizado por m\u00e1s de 70,000 personas en todo el mundo, es dirigido por el pionero de la mente-ciencia, Burt Goldman.<\/p>\n<\/div>\n<\/div>\n<div class=\"--full\" data-v-6e1f6448=\"\" data-test=\"body\">\n<div class=\"variant4\" data-v-6e1f6448=\"\">\n<div data-v-6a55c1c0=\"\" data-v-6e1f6448=\"\">\n<div class=\"flex mb-8 justify-start\" data-v-6a55c1c0=\"\">\n<div class=\"base-button min-h-fit flex items-center mv-type--button-sm underline cursor-pointer hover:bg-cool-grey-500 border-none bg-transparent text-decoration-none storyblok__outline\" data-v-23a6723a=\"\" data-v-6a55c1c0=\"\" data-test=\"webinars-button\" data-blok-c=\"undefined\" data-blok-uid=\"undefined\"><\/div>\n<\/div>\n<\/div>\n<\/div>\n<\/div>\n<\/div>\n<div class=\"pb-markdown min-h-fit mv-type--body body-copy mx-auto text-left storyblok__outline\" data-v-6e1f6448=\"\" data-blok-c=\"undefined\" data-blok-uid=\"undefined\">\n<div class=\"pb-markdown min-h-fit mv-type--title5 storyblok__outline\" data-v-65686310=\"\" data-blok-c=\"undefined\" data-blok-uid=\"undefined\">\n<h4>Este programa es para ti si:<\/h4>\n<p>&nbsp;<\/p>\n<\/div>\n<div class=\"pb-markdown min-h-fit mv-type--body mv-list mt-6 storyblok__outline\" data-v-65686310=\"\" data-blok-c=\"undefined\" data-blok-uid=\"undefined\">\n<ul>\n<li>Quieres construir tu suerte con el dinero<\/li>\n<li>Quieres aprovechar ideas creativas para resolver problemas<\/li>\n<li>Quieres aprender y dominar nuevas habilidades<\/li>\n<li>Quieres sanarte a ti mismo y a los dem\u00e1s<\/li>\n<\/ul>\n<\/div>\n<\/div>\n<h1><\/h1>\n<h1 style=\"text-align: center;\">Crea un nuevo yo con el salto cu\u00e1ntico <span style=\"font-size: 32px;\">de Burt Goldman<\/span><\/h1>\n<p>&nbsp;<\/p>\n<\/div>\n<div class=\"pb-markdown min-h-fit mv-type--title5 storyblok__outline\" data-v-65686310=\"\" data-blok-c=\"undefined\" data-blok-uid=\"undefined\">Basado en el trabajo del difunto pionero de la ciencia mental Burt Goldman, el salto cu\u00e1ntico es un m\u00e9todo de visualizaci\u00f3n avanzado como ning\u00fan otro. Aprovecha tu mente para conocer versiones alternativas de ti en el multiverso y encarna la sabidur\u00eda, las habilidades y la inspiraci\u00f3n que necesitas para dise\u00f1ar tu realidad definitiva.<\/div>\n<div data-v-65686310=\"\" data-blok-c=\"undefined\" data-blok-uid=\"undefined\"><\/div>\n<div data-v-65686310=\"\" data-blok-c=\"undefined\" data-blok-uid=\"undefined\">\n<div class=\"pb-markdown min-h-fit mv-type--titlebold8 storyblok__outline\" data-v-65686310=\"\" data-blok-c=\"undefined\" data-blok-uid=\"undefined\">\n<p>Un programa para la persona que quiere llegar m\u00e1s lejos, dominar nuevas habilidades y capacidades y dar el paso hacia la vida que siempre ha so\u00f1ado.<\/p>\n<p>&nbsp;<\/p>\n<\/div>\n<div class=\"pb-markdown min-h-fit mv-type--body mt-4 storyblok__outline\" data-v-65686310=\"\" data-blok-c=\"undefined\" data-blok-uid=\"undefined\">\n<p>\u00bfA\u00fan recuerdas tus sue\u00f1os m\u00e1s preciados de la infancia?<\/p>\n<p>Tal vez quer\u00edas subirte a una nave espacial y navegar por el cosmos, cantar a todo pulm\u00f3n en los escenarios m\u00e1s grandes del mundo, aparecer en la portada de la revista TIME o inventar algo que cambiara el mundo.<\/p>\n<p>&nbsp;<\/p>\n<p><em>\u00bfQu\u00e9 pas\u00f3 con esos sue\u00f1os?<\/em><\/p>\n<p>Lo m\u00e1s probable es que hayas crecido y comenzado a vivir en el \u201cmundo real\u201d: un lugar donde tus sue\u00f1os quedaron sepultados bajo un trabajo estable, una carrera profesional, un fondo de pensiones y todas esas otras actividades que la gente llama \u201crealistas\u201d.<\/p>\n<p>&nbsp;<\/p>\n<p><strong>\u00bfPero qu\u00e9 pasar\u00eda si en alg\u00fan lugar, en una infinidad de universos alternativos, existieran versiones de ti que hicieron realidad esos sue\u00f1os?<\/strong><\/p>\n<p>&nbsp;<\/p>\n<p>T\u00fa, el astronauta. T\u00fa, la estrella de rock. T\u00fa, el multimillonario. T\u00fa, el inventor.<\/p>\n<p>\u00bfY si hubiera una manera de encontrar estos yo alternativos\u2026 aprender de ellos\u2026 y absorber sus mayores habilidades y sabidur\u00eda en tu propia realidad?<\/p>\n<p>&nbsp;<\/p>\n<p><em>\u00bfC\u00f3mo cambiar\u00eda tu vida si pudieras hacer esto? \u00bfY c\u00f3mo ser\u00eda posible?<\/em><\/p>\n<p>&nbsp;<\/p>\n<p>Utilizado por m\u00e1s de 70.000 personas en todo el mundo,\u00a0<strong>Quantum Jumping<\/strong>\u00a0es un m\u00e9todo de visualizaci\u00f3n revolucionario que lleva tu mente en un viaje a trav\u00e9s del multiverso, donde dise\u00f1ar\u00e1s una vida de potencial ilimitado a trav\u00e9s de encuentros v\u00edvidos con tus yoes alternativos.<\/p>\n<p>&nbsp;<\/p>\n<\/div>\n<div class=\"w-full lg_w-2\/3 mx-auto mb-7 md_mb-9 min-h-fit storyblok__outline\" data-v-65686310=\"\" data-blok-c=\"undefined\" data-blok-uid=\"undefined\">\n<div class=\"pb-markdown min-h-fit mv-type--headline5 text-center storyblok__outline\" data-v-65686310=\"\" data-blok-c=\"undefined\" data-blok-uid=\"undefined\">\n<h3 style=\"text-align: center;\">Un m\u00e9todo de visualizaci\u00f3n avanzado que suena de otro mundo: porque lo es.<\/h3>\n<p>&nbsp;<\/p>\n<\/div>\n<\/div>\n<div id=\"\" class=\"w-full lg_w-2\/3 mx-auto mb-7 md_mb-9 min-h-fit storyblok__outline\" data-v-65686310=\"\" data-blok-c=\"undefined\" data-blok-uid=\"undefined\">\n<div class=\"pb-markdown min-h-fit mv-type--body storyblok__outline\" data-v-65686310=\"\" data-blok-c=\"undefined\" data-blok-uid=\"undefined\">\n<p>Cient\u00edficos como Hawking y Einstein dedicaron gran parte de su carrera a explorar la existencia de universos alternativos. Incluso es un tema candente en la ciencia ficci\u00f3n, m\u00e1s recientemente en pel\u00edculas como\u00a0<em>Doctor Strange y Everything Everywhere All At Once<\/em>\u00a0.<\/p>\n<p>&nbsp;<\/p>\n<p>Pero no es necesario comprometerse con la teor\u00eda de realidades alternativas para transformar tu vida con el Salto Cu\u00e1ntico: uno de los m\u00e9todos de visualizaci\u00f3n creativa m\u00e1s poderosos (e inusuales) jam\u00e1s creados.<\/p>\n<p>Creado por el difunto pionero de la ciencia de la mente Burt Goldman, aprovecha d\u00e9cadas de investigaci\u00f3n en campos como la visualizaci\u00f3n, la hipnosis, la meditaci\u00f3n y los estados alterados\u2026<\/p>\n<p>&nbsp;<\/p>\n<p>Y los combina en una \u00fanica t\u00e9cnica que involucra tu mente subconsciente de una manera sorprendente y profundamente gratificante.<\/p>\n<p>&nbsp;<\/p>\n<p><strong>Cuando haces un salto cu\u00e1ntico, entras en el nivel alfa de la mente: donde te visualizas volando a trav\u00e9s del multiverso y conociendo versiones alternativas de ti mismo con las experiencias y habilidades que necesitas en tu propia realidad.<\/strong><\/p>\n<p>&nbsp;<\/p>\n<p>Ya sea que est\u00e9 buscando un avance profesional o financiero&#8230; dominar una nueva habilidad, un idioma o un instrumento musical&#8230; sanar la mente, el cuerpo o el alma&#8230; o incluso una soluci\u00f3n a un desaf\u00edo &#8220;imposible&#8221;&#8230;<\/p>\n<p>Al participar en intercambios v\u00edvidos con sus yoes alternativos, obtiene el poder y la inspiraci\u00f3n para crecer, transformarse y trascender a la velocidad del rayo.<\/p>\n<p>&nbsp;<\/p>\n<p>El Salto Cu\u00e1ntico te da las claves para ampliar tu filtro de posibilidades y aprovechar todo tu potencial: mucho m\u00e1s all\u00e1 de los bloqueos subconscientes que te frenan en esta realidad.<\/p>\n<p>&nbsp;<\/p>\n<\/div>\n<div id=\"\" class=\"w-full lg_w-2\/3 mx-auto mb-7 md_mb-9 min-h-fit storyblok__outline\" data-v-65686310=\"\" data-blok-c=\"undefined\" data-blok-uid=\"undefined\">\n<div class=\"pb-markdown min-h-fit mv-type--headline5 text-center storyblok__outline\" data-v-65686310=\"\" data-blok-c=\"undefined\" data-blok-uid=\"undefined\">\n<h3 style=\"text-align: center;\">Salto cu\u00e1ntico en 4 sencillos pasos<\/h3>\n<p><img fetchpriority=\"high\" decoding=\"async\" class=\"aligncenter\" src=\"https:\/\/storyblok-cdn.mindvalley.com\/f\/60579\/3200x1800\/28c2825067\/qj_sp_steps.jpg?quality=60&amp;auto=webp&amp;dpr=0.800000011920929&amp;width=800\" alt=\"4 sencillos pasos para realizar el salto cu\u00e1ntico\" width=\"567\" height=\"319\" \/><\/p>\n<p>&nbsp;<\/p>\n<\/div>\n<\/div>\n<div id=\"\" class=\"w-full lg_w-2\/3 mx-auto min-h-fit storyblok__outline\" data-v-65686310=\"\" data-blok-c=\"undefined\" data-blok-uid=\"undefined\">\n<div class=\"mv-container min-h-fit storyblok__outline\" data-v-65686310=\"\" data-blok-c=\"undefined\" data-blok-uid=\"undefined\">\n<div class=\"w-full text-center lg_w-2\/3 mx-auto min-h-fit storyblok__outline\" data-v-65686310=\"\" data-blok-c=\"undefined\" data-blok-uid=\"undefined\">\n<div class=\"pb-markdown min-h-fit mv-type--titlebold4 text-center mb-8 md_mb-12 storyblok__outline\" data-v-65686310=\"\" data-blok-c=\"undefined\" data-blok-uid=\"undefined\">\n<h2>Lo que ganar\u00e1s con el salto cu\u00e1ntico<\/h2>\n<p>&nbsp;<\/p>\n<\/div>\n<\/div>\n<\/div>\n<div class=\"mv-container min-h-fit storyblok__outline\" data-v-65686310=\"\" data-blok-c=\"undefined\" data-blok-uid=\"undefined\">\n<div class=\"pb-markdown min-h-fit lg_w-2\/3 mx-auto mv-type--title6 mv-list__number --spacious storyblok__outline\" data-v-65686310=\"\" data-blok-c=\"undefined\" data-blok-uid=\"undefined\">\n<ol>\n<li><strong>Aprende y domina cualquier nueva habilidad.<\/strong>\n<p class=\"mv-type--body\">Desde instrumentos musicales hasta idiomas extranjeros, arte, deportes, habilidades profesionales y m\u00e1s, tu b\u00fasqueda del dominio de cualquier cosa comienza con un Salto Cu\u00e1ntico. Como descubrir\u00e1s r\u00e1pidamente, el Salto Cu\u00e1ntico acelera dr\u00e1sticamente tu crecimiento y aprendizaje, y te brinda una hiperconciencia de dones, talentos y habilidades latentes que tu mente consciente a\u00fan no ha descubierto.<\/p>\n<\/li>\n<li><strong>Encuentra las respuestas, la inspiraci\u00f3n y las soluciones que necesitas<\/strong>\n<p class=\"mv-type--body\">El salto cu\u00e1ntico es una excelente herramienta para resolver problemas y pensar de manera innovadora. Al permitirle acceder a dimensiones previamente inaccesibles de su mente subconsciente, el salto cu\u00e1ntico le abre una fuente de inspiraci\u00f3n y creatividad ilimitadas, que luego puede canalizar hacia las respuestas y soluciones que necesita para salir del estancamiento y avanzar.<\/p>\n<\/li>\n<li><strong>Establezca metas y visiones impresionantes<\/strong>\n<p class=\"mv-type--body\">Cuando haces un Salto Cu\u00e1ntico, expandes enormemente tu alcance y horizonte de posibilidades. Metas y objetivos que antes parec\u00edan imposibles ahora parecen estar a tu alcance. Te das cuenta de que eres digno y m\u00e1s que capaz de lograrlos. E incluso obtienes la claridad y la inspiraci\u00f3n para trazar un camino claro hacia ellos.<\/p>\n<\/li>\n<li><strong>Manifiesta tus sue\u00f1os y deseos<\/strong>\n<p class=\"mv-type--body\">La manifestaci\u00f3n exitosa es una funci\u00f3n de tus pensamientos, emociones y confianza en ti mismo. Y debido a que el Salto Cu\u00e1ntico te inunda con una gran cantidad de claridad e inspiraci\u00f3n edificantes, tambi\u00e9n es combustible para cohetes para manifestar tus deseos r\u00e1pidamente. Simplemente haz el Salto Cu\u00e1ntico hacia un universo donde ya has logrado esos sue\u00f1os y observa c\u00f3mo se hacen realidad en tu propia realidad.<\/p>\n<\/li>\n<li><strong>Ilumina tu gu\u00eda intuitiva<\/strong>\n<p class=\"mv-type--body\">A veces, la vida te lleva a una encrucijada. Ya sea un gran cambio profesional, una decisi\u00f3n rom\u00e1ntica o una oportunidad arriesgada, puede resultar complicado decidir qu\u00e9 opci\u00f3n tomar o qu\u00e9 camino tomar. La buena noticia es que tu inteligencia intuitiva siempre sabe la mejor respuesta y, cuando realizas un Salto Cu\u00e1ntico, obtienes acceso total a su gu\u00eda de precisi\u00f3n l\u00e1ser.<\/p>\n<\/li>\n<li><strong>Sana tu mente, cuerpo y alma.<\/strong>\n<p class=\"mv-type--body\">Ya sea que est\u00e9s buscando curar una herida o trauma emocional, resolver una crisis espiritual o incluso aliviar un dolor o dolencia f\u00edsica, el salto cu\u00e1ntico puede ser una poderosa fuente de curaci\u00f3n cuando lo usas para ingresar a un universo donde te sientes, te ves y est\u00e1s en la cima de la salud y el bienestar.<\/p>\n<\/li>\n<li><strong>Profundiza tus pr\u00e1cticas de meditaci\u00f3n y atenci\u00f3n plena<\/strong>\n<p class=\"mv-type--body\">Cuando se combina con tus pr\u00e1cticas favoritas de meditaci\u00f3n o atenci\u00f3n plena, el Salto Cu\u00e1ntico se convierte en una puerta de entrada a viajes internos m\u00e1s profundos, una autoconciencia profunda y una unidad espiritual con el Universo y tu Ser Superior.<\/p>\n<\/li>\n<\/ol>\n<p>&nbsp;<\/p>\n<div class=\"mv-container min-h-fit storyblok__outline\" data-v-65686310=\"\" data-blok-c=\"undefined\" data-blok-uid=\"undefined\">\n<div class=\"w-full text-center lg_w-2\/3 mx-auto min-h-fit storyblok__outline\" data-v-65686310=\"\" data-blok-c=\"undefined\" data-blok-uid=\"undefined\">\n<div class=\"pb-markdown min-h-fit mv-type--titlebold4 text-center mb-8 md_mb-10 lg_mb-12 storyblok__outline\" data-v-65686310=\"\" data-blok-c=\"undefined\" data-blok-uid=\"undefined\">\n<h2 style=\"text-align: center;\">Curriculum del programa<\/h2>\n<\/div>\n<\/div>\n<\/div>\n<div id=\"\" class=\"mv-container min-h-fit storyblok__outline\" data-v-65686310=\"\" data-blok-c=\"undefined\" data-blok-uid=\"undefined\">\n<div class=\"pb-markdown min-h-fit mv-type--titlebold5 text-center mb-8 md_mb-12 lg_mb-16 lg_w-2\/3 mx-auto storyblok__outline\" data-v-65686310=\"\" data-blok-c=\"undefined\" data-blok-uid=\"undefined\">\n<p>&nbsp;<\/p>\n<p><img decoding=\"async\" class=\"aligncenter\" src=\"https:\/\/storyblok-cdn.mindvalley.com\/f\/60579\/2068x1110\/e28eb7ff3b\/qj_sp_devices_curriculum.png?quality=60&amp;auto=webp&amp;dpr=0.800000011920929&amp;width=792\" alt=\"Program Name on multiple devices\" \/><\/p>\n<p>Salto Cu\u00e1ntico es un programa en l\u00ednea que te gu\u00eda paso a paso a trav\u00e9s de la exploraci\u00f3n del multiverso y el encuentro con tus versiones alternas mediante el poder de la visualizaci\u00f3n avanzada.<\/p>\n<p>&nbsp;<\/p>\n<p>Te unir\u00e1s al creador de Salto Cu\u00e1ntico, Burt Goldman, en una serie de lecciones multimedia, visualizaciones y ejercicios mentales de nivel alfa para dominar esta pr\u00e1ctica transformacional.<\/p>\n<p>&nbsp;<\/p>\n<p>El programa est\u00e1 dise\u00f1ado para un aprendizaje f\u00e1cil a tu propio ritmo, y no se requiere experiencia previa: una mente abierta es la \u00fanica herramienta que necesitas para seguir el curso y convertirte en un &#8220;saltador cu\u00e1ntico&#8221; altamente capaz.<\/p>\n<p>&nbsp;<\/p>\n<p>Y al final del programa, ser\u00e1s completamente capaz de realizar tus propios saltos cu\u00e1nticos: tan a menudo como desees, y para cualquier meta o deseo.<\/p>\n<p>&nbsp;<\/p>\n<\/div>\n<section class=\"mx-auto w-full px-6 md:block md:w-3\/5 md:text-center\">\n<h1 class=\"mb-3 text-2xl font-bold leading-tight tracking-wide md:text-5xl\" style=\"text-align: center;\" data-testid=\"quest-name\">Salto cu\u00e1ntico<\/h1>\n<p>&nbsp;<\/p>\n<div class=\"text-md leading-tight tracking-wide text-cool-grey-700 md:text-2xl\" style=\"text-align: center;\" data-testid=\"author-name\">con Burt Goldman<\/div>\n<div data-testid=\"author-name\"><\/div>\n<\/section>\n<section class=\"mx-auto w-full p-6 font-extralight text-gray-700 md:my-12 md:w-4\/5 md:p-0 md:text-center\" data-testid=\"quest-description\">\n<div style=\"text-align: center;\">Explora el multiverso con Salto cu\u00e1ntico de Burt Goldman. Basado en el trabajo del difunto Burt Goldman, pionero de la ciencia de la mente, Salto cu\u00e1ntico es un m\u00e9todo avanzado de visualizaci\u00f3n como ning\u00fan otro. Usa tu mente para conocer versiones alternativas de ti mismo en el multiverso, y encarna la sabidur\u00eda, las habilidades y la inspiraci\u00f3n que necesitas con el fin de dise\u00f1ar una mejor realidad para ti.<\/div>\n<\/section>\n<\/div>\n<\/div>\n<\/div>\n<\/div>\n<\/div>\n<\/div>\n<div><\/div>\n<div><\/div>\n<div><img decoding=\"async\" class=\"\" src=\"https:\/\/storyblok-cdn.mindvalley.com\/f\/60579\/1920x1080\/a79d52df18\/burtgoldman_16x9.jpg?quality=60&amp;auto=webp&amp;dpr=2&amp;width=auto\" alt=\"Quantum Jumping\" width=\"380\" height=\"214\" \/><\/div>\n<div><\/div>\n<div data-v-65686310=\"\" data-blok-c=\"undefined\" data-blok-uid=\"undefined\">\n<div id=\"\" class=\"w-full lg_w-2\/3 mx-auto mb-7 md_mb-9 min-h-fit storyblok__outline\" data-v-65686310=\"\" data-blok-c=\"undefined\" data-blok-uid=\"undefined\">\n<div id=\"\" class=\"w-full lg_w-2\/3 mx-auto min-h-fit storyblok__outline\" data-v-65686310=\"\" data-blok-c=\"undefined\" data-blok-uid=\"undefined\">\n<div class=\"mv-container min-h-fit storyblok__outline\" data-v-65686310=\"\" data-blok-c=\"undefined\" data-blok-uid=\"undefined\">\n<div class=\"pb-markdown min-h-fit lg_w-2\/3 mx-auto mv-type--title6 mv-list__number --spacious storyblok__outline\" data-v-65686310=\"\" data-blok-c=\"undefined\" data-blok-uid=\"undefined\">\n<div>\n<h2 class=\"mb-3 text-xl font-bold leading-tight tracking-wide md:text-4xl\" data-testid=\"author-name\">Conozca a Burt Goldman<\/h2>\n<p>&nbsp;<\/p>\n<div class=\"font-extralight text-gray-700\" data-testid=\"author-description\">Burt Goldman, maestro de meditaci\u00f3n y experto en el poder mental, revolucion\u00f3 el crecimiento personal con su metodolog\u00eda de salto cu\u00e1ntico. Como alumno de Paramahansa Yogananda y Jose Silva, Burt se convirti\u00f3 en el instructor l\u00edder del M\u00e9todo Silva en el mundo, transformando millones de vidas. Su innovadora t\u00e9cnica de salto cu\u00e1ntico, lanzada con Mindvalley en 2014, se convirti\u00f3 en una sensaci\u00f3n mundial con m\u00e1s de 70.000 participantes. Incluso a sus 80 a\u00f1os, Burt utiliz\u00f3 el salto cu\u00e1ntico para dominar nuevas habilidades, mostrando las posibilidades ilimitadas de la mente humana. Mindvalley contin\u00faa su legado.<\/div>\n<\/div>\n<\/div>\n<\/div>\n<\/div>\n<\/div>\n<\/div>\n","protected":false},"excerpt":{"rendered":"<h4 class=\"pb-markdown min-h-fit mv-type--titlebold3 storyblok__outline\" data-blok-c=\"undefined\" data-blok-uid=\"undefined\">Crea un nuevo yo con el salto cu\u00e1ntico de Burt Goldman y <span style=\"font-size: 1.3em;\">Desata tu potencial multidimensional<\/span><\/h4>\n<div class=\"pb-markdown min-h-fit mv-type--title6 text-left text-cool-grey-600 storyblok__outline\" data-v-65686310=\"\" data-blok-c=\"undefined\" data-blok-uid=\"undefined\">Curso 2 en 1 Salto Cu\u00e1ntico 1 y Salto cu\u00e1ntico 2 Avanzado<\/div>\n<div class=\"pb-markdown min-h-fit mv-type--title6 text-left text-cool-grey-600 storyblok__outline\" data-v-65686310=\"\" data-blok-c=\"undefined\" data-blok-uid=\"undefined\">+ Cuaderno de Ejercicios Pdf<\/div>\n<div data-v-65686310=\"\" data-blok-c=\"undefined\" data-blok-uid=\"undefined\">+ Libro Digital\u00a0 Salto Cu\u00e1ntico<\/div>\n<div class=\"pb-markdown min-h-fit mv-type--title5 storyblok__outline\" data-v-65686310=\"\" data-blok-c=\"undefined\" data-blok-uid=\"undefined\">\n<p>\u23f1 Duraci\u00f3n: + <span style=\"font-size: 16px;\">15 horas 29 minutos<\/span><\/p>\n<p>40 lecciones<\/p>\n<p>\ud83d\udc42\ud83c\udffbAudio en espa\u00f1ol<\/p>\n<p>Acceso Google drive<\/p>\n<\/div>\n","protected":false},"featured_media":2788,"comment_status":"open","ping_status":"closed","template":"","meta":{"site-sidebar-layout":"default","site-content-layout":"default","ast-global-header-display":"","ast-banner-title-visibility":"","ast-main-header-display":"","ast-hfb-above-header-display":"","ast-hfb-below-header-display":"","ast-hfb-mobile-header-display":"","site-post-title":"","ast-breadcrumbs-content":"","ast-featured-img":"","footer-sml-layout":"","theme-transparent-header-meta":"default","adv-header-id-meta":"","stick-header-meta":"","header-above-stick-meta":"","header-main-stick-meta":"","header-below-stick-meta":"","_joinchat":[]},"product_cat":[18,19,41],"product_tag":[],"jetpack_sharing_enabled":true,"_links":{"self":[{"href":"https:\/\/karlydigitalcourses.com\/index.php\/wp-json\/wp\/v2\/product\/2787"}],"collection":[{"href":"https:\/\/karlydigitalcourses.com\/index.php\/wp-json\/wp\/v2\/product"}],"about":[{"href":"https:\/\/karlydigitalcourses.com\/index.php\/wp-json\/wp\/v2\/types\/product"}],"replies":[{"embeddable":true,"href":"https:\/\/karlydigitalcourses.com\/index.php\/wp-json\/wp\/v2\/comments?post=2787"}],"wp:featuredmedia":[{"embeddable":true,"href":"https:\/\/karlydigitalcourses.com\/index.php\/wp-json\/wp\/v2\/media\/2788"}],"wp:attachment":[{"href":"https:\/\/karlydigitalcourses.com\/index.php\/wp-json\/wp\/v2\/media?parent=2787"}],"wp:term":[{"taxonomy":"product_cat","embeddable":true,"href":"https:\/\/karlydigitalcourses.com\/index.php\/wp-json\/wp\/v2\/product_cat?post=2787"},{"taxonomy":"product_tag","embeddable":true,"href":"https:\/\/karlydigitalcourses.com\/index.php\/wp-json\/wp\/v2\/product_tag?post=2787"}],"curies":[{"name":"wp","href":"https:\/\/api.w.org\/{rel}","templated":true}]}}